3 is divided by 702.
699
Calculate the remainder when 2223113 is divided by 740004.
3101
What is the remainder when 40162 is divided by 34177?
5985
What is the remainder when 5094249 is divided by 994?
993
Calculate the remainder when 103850765 is divided by 405667.
13
What is the remainder when 169590 is divided by 2459?
2378
Calculate the remainder when 85572 is divided by 719.
11
What is the remainder when 26545 is divided by 2619?
355
Calculate the remainder when 116984 is divided by 143.
10
Calculate the remainder when 75314 is divided by 1564.
242
What is the remainder when 41249887 is divided by 339?
28
What is the remainder when 52413 is divided by 97?
33
Calculate the remainder when 999599 is divided by 199918.
9
Calculate the remainder when 405219 is divided by 188.
79
Calculate the remainder when 1566129 is divided by 9267.
6
Calculate the remainder when 321778 is divided by 591.
274
Calculate the remainder when 3351547 is divided by 670229.
402
Calculate the remainder when 140092414 is divided by 35023103.
2
What is the remainder when 7439368 is divided by 2603?
2597
Calculate the remainder when 136093 is divided by 135290.
803
What is the remainder when 15888928 is divided by 215?
213
Calculate the remainder when 261104 is divided by 2807.
53
Calculate the remainder when 287886 is divided by 2040.
246
What is the remainder when 43892 is divided by 21735?
422
Calculate the remainder when 8664 is divided by 1875.
1164
Calculate the remainder when 7879 is divided by 25.
4
Calculate the remainder when 781460 is divided by 21685.
800
Calculate the remainder when 225124833 is divided by 22.
21
What is the remainder when 149627 is divided by 972?
911
What is the remainder when 1294573 is divided by 118?
113
Calculate the remainder when 88170 is divided by 290.
10
What is the remainder when 598559169 is divided by 121?
120
What is the remainder when 168436 is divided by 878?
738
Calculate the remainder when 28658601 is divided by 37.
29
Calculate the remainder when 6351066 is divided by 112.
106
Calculate the remainder when 67777 is divided by 469.
241
Calculate the remainder when 91794573 is divided by 30598188.
9
Calculate the remainder when 13398 is divided by 13295.
103
Calculate the remainder when 57009494 is divided by 188.
186
What is the remainder when 1347931 is divided by 23235?
301
Calculate the remainder when 18475 is divided by 836.
83
Calculate the remainder when 95736593 is divided by 1293737.
55
Calculate the remainder when 184668 is divided by 3771.
3660
What is the remainder when 100181 is divided by 5250?
431
What is the remainder when 5138321 is divided by 268?
225
What is the remainder when 1477261 is divided by 738619?
23
Calculate the remainder when 5474868 is divided by 2737363.
142
Calculate the remainder when 24490151 is divided by 1902.
1901
What is the remainder when 5783837 is divided by 19?
9
What is the remainder when 642488 is divided by 6360?
128
Calculate the remainder when 364548 is divided by 182191.
166
Calculate the remainder when 207431 is divided by 174.
23
What is the remainder when 36739 is divided by 408?
19
Calculate the remainder when 393374 is divided by 98343.
2
What is the remainder when 4826 is divided by 967?
958
What is the remainder when 1744605 is divided by 435527?
2497
Calculate the remainder when 4941770 is divided by 121.
9
What is the remainder when 28952183 is divided by 53516?
27
What is the remainder when 3712225 is divided by 27?
22
What is the remainder when 244084 is divided by 10277?
7713
What is the remainder when 377504 is divided by 336?
176
Calculate the remainder when 193175 is divided by 401.
294
Calculate the remainder when 3518707 is divided by 3010.
17
Calculate the remainder when 3186133 is divided by 11.
5
Calculate the remainder when 2396109 is divided by 119.
44
Calculate the remainder when 70398413 is divided by 222.
215
Calculate the remainder when 846240 is divided by 97.
12
What is the remainder when 898547 is divided by 299509?
20
Calculate the remainder when 389970933 is divided by 9.
6
What is the remainder when 19269245 is divided by 539?
534
What is the remainder when 1353389 is divided by 2917?
2818
What is the remainder when 5025396 is divided by 239303?
33
Calculate the remainder when 35420 is divided by 1563.
1034
What is the remainder when 78709 is divided by 668?
553
Calculate the remainder when 210015 is divided by 23324.
99
What is the remainder when 2871809 is divided by 3617?
3528
What is the remainder when 1048792 is divided by 96?
88
Calculate the remainder when 1257601 is divided by 724.
13
What is the remainder when 2718620 is divided by 6250?
6120
What is the remainder when 5135125 is divided by 2154?
2143
Calculate the remainder when 924904 is divided by 237.
130
Calculate the remainder when 41760701 is divided by 513.
449
What is the remainder when 1172906991 is divided by 1446?
1443
What is the remainder when 6750948 is divided by 31995?
3
Calculate the remainder when 11286213 is divided by 561.
15
What is the remainder when 1290137 is divided by 1000?
137
Calculate the remainder when 115066 is divided by 1035.
181
Calculate the remainder when 1340202 is divided by 191422.
248
Calculate the remainder when 4065314 is divided by 2488.
2410
Calculate the remainder when 530167 is divided by 22086.
103
Calculate the remainder when 140091 is divided by 83.
70
What is the remainder when 208292 is divided by 208206?
86
Calculate the remainder when 444538447 is divided by 9.
7
What is the remainder when 5316547 is divided by 41?
36
Calculate the remainder when 5753032 is divided by 1600.
1032
What is the remainder when 1642535 is divided by 139?
111
What is the remainder when 3683354 is divided by 73664?
154
Calculate the remainder when 334029 is divided by 886.
7
Calculate the remainder when 5673669 is divided by 166864.
293
Calculate the remainder when 1163681446 is divided by 815.
811
Calculate the remainder when 30175 is divided by 9826.
697
Calculate the remainder when 35864787 is divided by 313.
308
What is the remainder when 220304 is divided by 55042?
136
What is the remainder when 333946 is divided by 5051?
580
Calculate the remainder when 3338767 is divided by 290.
287
What is the remainder when 2577392 is divided by 149?
139
Calculate the remainder when 9183941 is divided by 616.
613
What is the remainder when 16274 is divided by 3633?
1742
What is the remainder when 147114 is divided by 29401?
109
Calculate the remainder when 379594 is divided by 290.
274
What is the remainder when 2168759 is divided by 18379?
37
What is the remainder when 269016 is divided by 318?
306
Calculate the remainder when 5053632 is divided by 15.
12
What is the remainder when 3878355 is divided by 3370?
2855
What is the remainder when 3582740 is divided by 1353?
1349
What is the remainder when 244717 is divided by 12235?
17
What is the remainder when 85718 is divided by 27605?
2903
Calculate the remainder when 7000 is divided by 579.
52
Calculate the remainder when 1964163 is divided by 545.
528
What is the remainder when 44325 is divided by 30929?
13396
What is the remainder when 7011720 is divided by 2337190?
150
Calculate the remainder when 910830 is divided by 5839.
5785
Calculate the remainder when 315803 is divided by 281.
240
What is the remainder when 24062701 is divided by 31?
5
What is the remainder when 838143 is divided by 64458?
189
What is the remainder when 865680 is divided by 1574?
1554
Calculate the remainder when 1904583 is divided by 2276.
1847
Calculate the remainder when 4377 is divided by 4345.
32
Calculate the remainder when 246506 is divided by 82157.
35
Calculate the remainder when 856151 is divided by 67.
25
What is the remainder when 141970 is divided by 732?
694
Calculate the remainder when 39176191 is divided by 387883.
8
What is the remainder when 276160 is divided by 8137?
7639
What is the remainder when 625356792 is divided by 13?
8
What is the remainder when 7308612 is divided by 7308606?
6
Calculate the remainder when 529849 is divided by 15138.
19
Calculate the remainder when 23552077 is divided by 3967.
3965
What is the remainder when 7301802 is divided by 2433889?
135
What is the remainder when 24480 is divided by